-466. Suppose -h*a = -864 - 636. What is the hundreds digit of a?
1
Let r = -45712 - -90707. What is the tens digit of r?
9
Suppose u = -u + 1740. Suppose 0 = -2*q + 418 + u. Suppose 3*c = -176 + q. What is the hundreds digit of c?
1
Let w = -14 - -9. Let d be (4 - 0) + w - (-5)/(-1). What is the hundreds digit of (-5)/((-75)/d)*(-294 - 1)?
1
Suppose 0 = -4*z, 0 = 7*d - 11*d + 4*z + 432. Suppose 0 = v + 7 - d. What is the hundreds digit of v?
1
Let u = 65 - 64. What is the units digit of (-478)/((-21)/6 + 3)*u?
6
Suppose -268488 = -4*g + 4*n, -2298*n + 2297*n = -9. What is the ten thousands digit of g?
6
Let r be (-10 - -124) + -1 + 4. Let b = 174 - r. What is the tens digit of b?
5
Let l(v) = 43 + 172*v - 85*v - 89*v. Let i be l(16). Suppose c = -i*c + 1272. What is the hundreds digit of c?
1
Let m be ((-3440)/5)/(-8) + 3. Suppose -94*u + 5995 = -m*u. What is the units digit of u?
9
Suppose 2*x = -3*x - 5*x. Suppose x = w - 3*d - 2 + 8, 0 = -5*w + 3*d + 30. Suppose 400 = -c + w*c. What is the tens digit of c?
5
Let a(m) = 11*m + 74. Let b be a(-6). Suppose -4*r + b*r - 1772 = 0. What is the hundreds digit of r?
4
Let h(i) = 199*i**3 - 28*i**2 + 161*i + 24. What is the tens digit of h(5)?
0
Suppose 2*y - 21 = -5*y. Suppose 37 = 4*p - c, 2*c + 8 = p - y. Suppose 5*w = p*w - 388. What is the units digit of w?
7
Suppose 5*i - 16*r + 14315 = -21*r, 4*r = -3*i - 8591. Let k = -2039 - i. What is the tens digit of k?
2
Let a = 412 + -404. What is the tens digit of 3 + 3 + -3 - (a - 1554)?
4
Suppose -4277 = 7*v - 14462. What is the units digit of v/15 - (-5)/1?
2
Let l = 10397 + -6457. What is the tens digit of l?
4
What is the hundreds digit of (-1 + 23)*((-7843)/(-4) + (-1040)/320)?
0
Suppose 0 = 3*d + 3*r + 2533 + 2951, -d - 1830 = 2*r. Let v = 3141 + d. What is the hundreds digit of v?
3
Suppose -8 = 2*d - 4*d. Suppose z + 3 = -2*z, -2*q = -d*z - 76. Let y = q - -22. What is the tens digit of y?
5
Let p(f) = -3*f**2 + 21*f + 82. Let y be p(-3). Let u(a) = -68*a + 249. What is the hundreds digit of u(y)?
7
Let o(y) = 159*y**3 - 47*y**2 + 199*y - 4. What is the ten thousands digit of o(4)?
1
Suppose 0 = -5*c + 2*x + 19485, -3*c + 3*x = -4*c + 3880. Let w = c + -2662. What is the thousands digit of w?
1
Let t = -709 + 714. Suppose -t*h = -4*p + 5135, -p + 1339 - 34 = 3*h. What is the thousands digit of p?
1
Suppose -4*j - 3*d + 120213 = 0, 65*j - 60099 = 63*j - 3*d. What is the units digit of j?
7
Let g be (-584)/(-14) + 56/196. Let i = g + -27. What is the tens digit of i?
1
Let j(i) = -2344*i**3 - 240*i - 472. What is the units digit of j(-2)?
0
Suppose 2*g - 117 = 11*g. Let i(h) = -18*h - 54. What is the units digit of i(g)?
0
Let s(w) = 101*w**2 + 223*w - 5. What is the tens digit of s(-6)?
9
Suppose -4*w = -5*g + 32624, -3*g + 21038 - 1469 = 3*w. What is the tens digit of g?
2
Let n(o) be the second derivative of 167*o**4/12 + 3*o**3/2 - 17*o**2/2 + 6*o + 2. What is the thousands digit of n(-3)?
1
Let m be (57 + 0)*110/(-33). Let p = 108 - m. What is the tens digit of p?
9
Let w = -114 + 106. Let y be 1*w*(3 + (-7)/2). Suppose -38 = -2*c + l + 42, -c = -y*l - 33. What is the units digit of c?
1
What is the units digit of ((-110)/(-66))/(5/5622)?
4
Let s(p) = -6*p**3 - 7*p**2 - 10*p - 1. Let b be 2/(-1) - (123 + 4). Let u = b - -126. What is the tens digit of s(u)?
2
Suppose 0 = 2*v - 11*o + 14*o - 29812, 4*v + 4*o - 59616 = 0. What is the hundreds digit of v?
9
Let m(y) be the second derivative of -2*y**3/3 - 3*y**2 + y. Let h be m(-2). Suppose 0 = 4*q - x - 323, -2*q + 2*x = h*q - 318. What is the units digit of q?
2
Let r(s) = -1227*s - 838. What is the thousands digit of r(-10)?
1
Let y(n) = 241*n - 1120. What is the units digit of y(32)?
2
Let x = 413 - 408. Suppose 4*o - x*d + 50 = 2631, 3*d + 2571 = 4*o. What is the hundreds digit of o?
6
Let q(h) = -13*h**2 + 12*h + 20. Let n(m) = -7*m**2 + 6*m + 10. Let u(y) = 7*n(y) - 4*q(y). Let p be u(-4). Let l = 138 - p. What is the tens digit of l?
7
Let g(w) = w**3 + w**2 - 2*w - 10. Suppose 0 = -2*z - 0*q + 3*q, 3*z - 3*q = 0. Let l be g(z). What is the units digit of l/30 + (-146)/(-6)?
4
Let y(j) = -4*j + 4451. What is the tens digit of y(-49)?
4
Let y = 4502 - -3776. What is the thousands digit of y?
8
Suppose 0 = -5*r + 27 + 33408. Suppose 0 = -17*p + 1983 + r. What is the hundreds digit of p?
5
Let s(o) = -447*o + 215. What is the hundreds digit of s(-15)?
9
Let h(d) = -21*d**3 + 11*d**2 + 23*d + 2. Suppose 0*k = -2*m - 4*k - 24, 0 = 5*k + 25. What is the units digit of h(m)?
8
Let d = -60325 - -86647. What is the thousands digit of d?
6
Let g(f) = -f**3 - 25*f**2 - 24*f + 29. Let b be g(-24). Suppose 0 = 9*m - b + 2. Let v = 31 + m. What is the tens digit of v?
3
Let t(m) = -m**3 - 4*m**2 - m + 4. Let l be t(-5). Let b = l + -28. Suppose -b*s = -8*s + 192. What is the tens digit of s?
9
Suppose 53*h - 56*h + 63 = 0. Suppose -4*g + h = 3*g. What is the units digit of -1*g*(-2247)/63?
7
Let l(d) = 45*d**3 - d**2. Let t be l(2). Let g = -205 + 212. Suppose g*h = 3*h + t. What is the units digit of h?
9
Let b = 7017 + 15346. What is the thousands digit of b?
2
Suppose 46*v + 17*v - 140301 = 0. What is the hundreds digit of v?
2
Let k(q) = -7*q**3 + 11*q**2 + 47*q + 132. What is the tens digit of k(-4)?
6
Let n(m) = 15*m + 11. Let o(f) = 8*f + 6. Let a(z) = 8*z + 6. Let r(t) = -4*a(t) + 3*o(t). Let w(i) = -3*n(i) - 5*r(i). What is the tens digit of w(-14)?
6
Suppose 0 = d - 4*w - 80, 180 = 2*d + w + w. Let t = d - -75. Let k = 313 - t. What is the hundreds digit of k?
1
Let a(z) = -1131*z + 1117*z - 42 + 3*z**2 - 9 - 2*z**2. What is the tens digit of a(25)?
2
Let k = 70 + 768. What is the hundreds digit of k?
8
Let v(a) = 10*a**3 + 4*a**2 - 12*a + 3. Let z be 15*18/30 - (-8)/(-2). What is the tens digit of v(z)?
9
Let h be (-12)/18*6 + 13. Let r(z) = z**3 - 6*z**2 + 14*z + 12. What is the hundreds digit of r(h)?
3
Let d = 39 + -25. Suppose 394 = -d*y + 16. What is the units digit of -4 + (5/5 - y)?
4
Suppose -2*t = 28*z - 32*z - 68942, 0 = 5*t + z - 172432. What is the hundreds digit of t?
4
Suppose 9*t - 4*t - 25 = 0, 155 = 5*g + 2*t. Let f = g + -25. Suppose -4*o - 10 = f*j + 2, 0 = 5*o - 2*j - 20. What is the units digit of o?
2
Let y(m) = m**2 - 9*m + 12. Suppose -19*o + 90 = -17*o. Let p = o + -36. What is the units digit of y(p)?
2
Suppose -1070 = -15*r + 3*r + 610. What is the tens digit of r?
4
Suppose -3*u - 17 = -4*x + 3*x, 0 = 5*x - 4*u - 30. Let l(m) = -6*m - 5*m**2 - x*m**3 + 3*m**3 - 24 + 2*m**2 + 16. What is the tens digit of l(6)?
6
Let v = 65015 + -12878. What is the thousands digit of v?
2
Let l be -6*1 + (-26 - -17). Let p(h) = 9*h - 4. Let c be p(4). Let z = l + c. What is the units digit of z?
7
Suppose 23*l + 57*l - 1877925 = 7*l. What is the hundreds digit of l?
7
Suppose -158*m + 153*m + 20 = 0. Let b be 146 - (m + -2 + -1 + 3). Let i = 248 - b. What is the units digit of i?
6
Let m be 3432/(-18) + (-4)/(-6). Let a = 455 - m. What is the hundreds digit of a?
6
What is the tens digit of (4/20*10)/(-2)*-2118?
1
Let m(o) = 3*o**2 - 67*o + 7. What is the units digit of m(25)?
7
Suppose -19*u = -18*u - 1731. Let g = u + -576. What is the thousands digit of g?
1
Let k be (-12)/42 - (-410)/14. Let c = k - -96. Let i = -45 + c. What is the units digit of i?
0
Let d(x) = -2*x**3 + 14*x**2 + 6*x - 8. Suppose 4*v - 89 = 4*z - 209, 145 = 4*z + v. Let a = z + -29. What is the hundreds digit of d(a)?
1
Let k(s) = 1 - 8 - 2*s - 2 - 2. Let f be k(-8). Suppose y - 4*h + 5 - 20 = 0, 0 = f*h - 5. What is the tens digit of y?
1
Suppose 5837*r = 5840*r - 5997. What is the tens digit of r?
9
Suppose 260*s - 4784696 = 1550204. What is the thousands digit of s?
4
Let k = 29293 - 9447. What is the ten thousands digit of k?
1
Let v = -1199 + 3175. Suppose 2*s - 4*s + v = 3*o, -5*s - 2650 = -4*o. What is the hundreds digit of o?
6
Let b = -35 - -23. Let i(c) = 3*c - 15. Let l(o) = 1. Let h(n) = -2*i(n) - 18*l(n). What is the units digit of h(b)?
4
What is the hundreds digit of 6123 - (87/(-232) - 10/16)?
1
Suppose -6*v + 30996 + 47928 = 0. Suppose -46*h + v = 4460. What is the tens digit of h?
8
Let a be 20508/(-9)*(-21)/28. Let u = a - 775. What is the hundreds digit of u?
9
Let a be (-88)/(-